7173 is divided by 61?
60
What is the remainder when 2707 is divided by 33?
1
Calculate the remainder when 1261 is divided by 210.
1
What is the remainder when 194620 is divided by 489?
487
What is the remainder when 22791 is divided by 296?
295
Calculate the remainder when 23599 is divided by 437.
1
What is the remainder when 361454 is divided by 83?
72
What is the remainder when 5161 is divided by 33?
13
Calculate the remainder when 63986 is divided by 12.
2
Calculate the remainder when 15556 is divided by 23.
8
What is the remainder when 587742 is divided by 377?
376
What is the remainder when 4705 is divided by 162?
7
Calculate the remainder when 43723 is divided by 811.
740
Calculate the remainder when 29728 is divided by 878.
754
What is the remainder when 19045 is divided by 214?
213
What is the remainder when 5750 is divided by 2869?
12
Calculate the remainder when 1620 is divided by 156.
60
What is the remainder when 5265 is divided by 135?
0
What is the remainder when 2657123 is divided by 162?
161
Calculate the remainder when 219958 is divided by 30.
28
Calculate the remainder when 284974 is divided by 392.
382
What is the remainder when 3268 is divided by 3217?
51
What is the remainder when 13767 is divided by 25?
17
Calculate the remainder when 10801 is divided by 2697.
13
Calculate the remainder when 230515 is divided by 286.
285
What is the remainder when 1960 is divided by 1525?
435
What is the remainder when 2174128 is divided by 147?
145
What is the remainder when 369739 is divided by 34?
23
What is the remainder when 29878 is divided by 36?
34
What is the remainder when 209598 is divided by 262?
260
What is the remainder when 13342 is divided by 1221?
1132
What is the remainder when 1531 is divided by 740?
51
What is the remainder when 509786 is divided by 89?
83
What is the remainder when 48186 is divided by 61?
57
Calculate the remainder when 1928 is divided by 135.
38
What is the remainder when 4232 is divided by 152?
128
What is the remainder when 12211 is divided by 244?
11
Calculate the remainder when 3411 is divided by 591.
456
What is the remainder when 908390 is divided by 838?
836
Calculate the remainder when 40949 is divided by 471.
443
Calculate the remainder when 18195 is divided by 103.
67
What is the remainder when 38745 is divided by 570?
555
Calculate the remainder when 225594 is divided by 35.
19
Calculate the remainder when 103974 is divided by 25.
24
What is the remainder when 20007 is divided by 9978?
51
What is the remainder when 201461 is divided by 121?
117
Calculate the remainder when 2065349 is divided by 29.
27
What is the remainder when 11372 is divided by 35?
32
What is the remainder when 3383 is divided by 185?
53
What is the remainder when 855 is divided by 28?
15
What is the remainder when 467023 is divided by 195?
193
What is the remainder when 18848 is divided by 111?
89
What is the remainder when 7126866 is divided by 718?
716
What is the remainder when 171379 is divided by 444?
439
What is the remainder when 904 is divided by 385?
134
What is the remainder when 5176 is divided by 5173?
3
What is the remainder when 130663 is divided by 707?
575
Calculate the remainder when 60117 is divided by 3.
0
What is the remainder when 63774 is divided by 31873?
28
What is the remainder when 103942 is divided by 2082?
1924
Calculate the remainder when 975 is divided by 491.
484
What is the remainder when 13040 is divided by 1081?
68
Calculate the remainder when 231127 is divided by 29.
26
Calculate the remainder when 1795 is divided by 62.
59
Calculate the remainder when 6195 is divided by 84.
63
What is the remainder when 5162 is divided by 514?
22
What is the remainder when 18969 is divided by 17?
14
What is the remainder when 57221 is divided by 327?
323
What is the remainder when 2210 is divided by 155?
40
What is the remainder when 34526 is divided by 15?
11
Calculate the remainder when 17607 is divided by 846.
687
Calculate the remainder when 92434 is divided by 30810.
4
Calculate the remainder when 5842 is divided by 37.
33
What is the remainder when 28448 is divided by 99?
35
What is the remainder when 1382 is divided by 652?
78
What is the remainder when 211628 is divided by 15?
8
Calculate the remainder when 276960 is divided by 817.
814
Calculate the remainder when 101789 is divided by 2.
1
What is the remainder when 2284143 is divided by 18?
15
Calculate the remainder when 155419 is divided by 38.
37
Calculate the remainder when 13624 is divided by 162.
16
Calculate the remainder when 872 is divided by 131.
86
What is the remainder when 39176 is divided by 29?
26
What is the remainder when 9549 is divided by 455?
449
Calculate the remainder when 1873962 is divided by 251.
247
Calculate the remainder when 1847 is divided by 13.
1
Calculate the remainder when 1047 is divided by 225.
147
Calculate the remainder when 7461 is divided by 41.
40
Calculate the remainder when 74431 is divided by 7441.
21
Calculate the remainder when 17806 is divided by 509.
500
What is the remainder when 527049 is divided by 178?
169
Calculate the remainder when 1364 is divided by 639.
86
Calculate the remainder when 1240 is divided by 237.
55
Calculate the remainder when 5871011 is divided by 444.
443
What is the remainder when 16758 is divided by 127?
121
Calculate the remainder when 6027 is divided by 793.
476
What is the remainder when 14633 is divided by 414?
143
Calculate the remainder when 191368 is divided by 5467.
23
Calculate the remainder when 4886 is divided by 4881.
5
Calculate the remainder when 20591 is divided by 396.
395
What is the remainder when 7086 is divided by 2180?
546
Calculate the remainder when 18611 is divided by 1545.
71
Calculate the remainder when 1409 is divided by 603.
203
What is the remainder when 213301 is divided by 71092?
25
What is the remainder when 310877 is divided by 599?
595
Calculate the remainder when 9909 is divided by 118.
115
What is the remainder when 193 is divided by 44?
17
What is the remainder when 1033 is divided by 14?
11
What is the remainder when 1592 is divided by 434?
290
What is the remainder when 3851945 is divided by 114?
113
Calculate the remainder when 191843 is divided by 364.
15
What is the remainder when 717983 is divided by 1219?
1211
What is the remainder when 39186 is divided by 3915?
36
What is the remainder when 165483 is divided by 3848?
19
What is the remainder when 9258 is divided by 10?
8
What is the remainder when 180485 is divided by 271?
270
What is the remainder when 72158 is divided by 5?
3
What is the remainder when 4148 is divided by 109?
6
What is the remainder when 1868 is divided by 392?
300
What is the remainder when 91776 is divided by 217?
202
What is the remainder when 98965 is divided by 178?
175
Calculate the remainder when 1427 is divided by 169.
75
What is the remainder when 19271 is divided by 23?
20
Calculate the remainder when 4931 is divided by 1621.
68
Calculate the remainder when 212140 is divided by 94.
76
Calculate the remainder when 4213 is divided by 116.
37
What is the remainder when 1420 is divided by 696?
28
Calculate the remainder when 719298 is divided by 11.
8
Calculate the remainder when 110333 is divided by 89.
62
Calculate the remainder when 46955 is divided by 711.
29
What is the remainder when 1223039 is divided by 331?
325
Calculate the remainder when 3234 is divided by 77.
0
Calculate the remainder when 1944 is divided by 330.
294
Calculate the remainder when 19804 is divided by 3298.
16
What is the remainder when 28031 is divided by 110?
91
What is the remainder when 840237 is divided by 16?
13
What is the remainder when 14348 is divided by 3?
2
Calculate the remainder when 3727 is divided by 16.
15
Calculate the remainder when 11650 is divided by 149.
28
Calculate the remainder when 1150 is divided by 308.
226
Calculate the remainder when 8956 is divided by 208.
12
What is the remainder when 3011 is divided by 376?
3
What is the remainder when 7839 is divided by 1938?
87
What is the remainder when 940 is divided by 834?
106
What is the remainder when 49131 is divided by 317?
313
What is the remainder when 432841 is divided by 3607?
1
What is the remainder when 51165 is divided by 64?
29
What i